(j).
-5
Let v(g) = g**2 + 8*g + 2. Let a be (2 - -7) + -4 + -9. What is v(a)?
-14
Let c(x) = -9*x + 1. Let n be c(2). Let a = -1 - n. Suppose -6 = 2*d - a. Let g(w) = -w. Give g(d).
-5
Let l be 5/((-3)/18*-3). Let h(u) = -6 + 14 - 3 - l - 2*u. Calculate h(-4).
3
Let n(t) = t**2 + 2. Let o be n(-2). Let q(r) = 2*r + 8*r + 13 - 12*r - o. Let u(y) = -y**3 - y**2 + 2. Let c be u(-2). Calculate q(c).
-5
Let z(w) = -w**3 - 3*w**2 + 7*w + 6. Let r be z(-4). Let g be -2*2*r/8. Let y(h) = 3 - 5*h**g + 4*h**2 + 4*h**3 + h**2 - 6. What is y(5)?
-3
Suppose -2*u - 1494 = -1520. Let s(c) = -c**2 + 15*c - 8. Give s(u).
18
Let a(i) = -265 - i + 86 + 86 + 86. Calculate a(0).
-7
Suppose -6 = -4*d - 3*j, 0 = -4*d - j + 5 - 3. Let a(c) = c + 39. Calculate a(d).
39
Let y(t) = -t**3 + 6*t**2. Let q = 19 + -11. Suppose -3*r - 27 = -q*r - 3*j, -5*j = -5*r + 35. Calculate y(r).
0
Let r(i) = -i**3 - i**2 + i + 1. Let f(c) = -3*c**3 - 4*c**2 + 3*c + 3. Let h = 12 - 11. Let z(o) = h*f(o) - 2*r(o). What is z(-2)?
-1
Let t be -4 - (-1 - (4 - 4)). Let j(k) = -2*k**3 - 2*k**2 + 2*k - 1. Let d(x) = x**3 + x**2 - x + 1. Let b(l) = t*j(l) - 7*d(l). Give b(-3).
11
Let m be (-1)/3*(-30)/5. Let q(y) = 4*y**2 + m + 0*y + 6 - 3*y**2 + y. Let u be (-2 - -2)/((-4)/(-2)). What is q(u)?
8
Let k(g) = 3*g. Let z(w) = -14*w + 1. Let q(v) = 10*k(v) + 2*z(v). Calculate q(-8).
-14
Let d(r) = -41*r - 325. Let t be d(-8). Let b(x) = x**2 - 5*x. Let u(q) = q. Suppose 2*f - f = 1. Let k(g) = f*b(g) + t*u(g). Give k(2).
0
Let j(f) = 3*f**3 - f**2 - 3*f + 1. Let v be 3*(-4 - 42/(-9)). Suppose -v = 2*b - 3*b. Calculate j(b).
15
Let d(m) be the second derivative of -m**4/12 - 15*m**2/2 + 55*m + 2. Give d(0).
-15
Let o = -48 + 62. Let m be (o/(-6) - -3)*-6. Let i(b) = b + 3. What is i(m)?
-1
Let w(n) be the third derivative of n**5/60 + 5*n**4/12 + 29*n**3/6 - 747*n**2. Calculate w(-7).
8
Suppose -5*p + 9 = 3*b - 1, 3*p = 5*b - 28. Let t = p - -4. Suppose 0*m + t = m. Let o(v) = -v**3 + 2*v**2 + 2*v + 2. Calculate o(m).
-1
Let b(h) = 4*h - 1. Let x(l) = 1. Let a(q) = -b(q) + 6*x(q). Let s(c) = c**3 + 4*c**2 - 13*c + 1. Let j be s(-6). Calculate a(j).
-21
Let y(i) = 6*i + 2. Let p(n) = -4*n**3 - 1. Let s be p(-1). Suppose -s = -2*r - 7. What is y(r)?
-10
Suppose 0 = -4*t + 139 - 51. Let o(p) = -18*p**3 + p**2 + p - 1. Let g be o(1). Let d = g + t. Let b(i) = -i**3 + 4*i**2 + 7*i - 4. Calculate b(d).
6
Suppose 0*y - 3*d = 4*y - 22, 4*d - 13 = -3*y. Let z(p) = 11 + 10 - 14 - 2*p. Calculate z(y).
-7
Let c(l) be the third derivative of -l**5/20 - 13*l**4/24 + l**3/6 - 114*l**2. What is c(-5)?
-9
Let p(a) = 4*a**2 - 9*a - 11. Let g(f) = 2*f - 1. Let l be g(-1). Let t(r) = -5*r**2 + 9*r + 11. Let o(c) = l*t(c) - 4*p(c). Determine o(10).
1
Let s = 4 - 5. Let r(a) be the second derivative of -a**4 - a**3/6 - a**2/2 - 7*a. Determine r(s).
-12
Let c(w) = -4 + 2*w - 7*w**3 - w - w**2 + 6*w**3 + 2. Let j = 5 + -5. Give c(j).
-2
Let r(o) be the third derivative of -1/6*o**3 + 0 + 1/15*o**5 + 9*o**2 + 0*o - 1/6*o**4 - 1/120*o**6. Give r(3).
-4
Suppose 0 = -4*q + 8, 2*t + t - 5*q = 8. Let j(z) = z**3 - 7*z**2 + 4*z + 2. Determine j(t).
-10
Let x(q) = 0*q**3 + q**3 + 5*q**2 - 2*q**3 - 6 - 2*q. Let t be -6 - (-3 - 1) - (-6)/3. Suppose 2*f - y - 12 = 0, -5*f - 5*y + 21 - 6 = t. What is x(f)?
-16
Suppose 4*r = 2*r + 6, -3*p - 4*r = -30. Let z(t) = 0*t**2 - t - t**2 + p*t - 6. Let w(m) = -5*m - 16. Let l be w(-4). What is z(l)?
-2
Suppose -t + 8 + 9 = 0. Let w = -17 + t. Let v(b) = 3*b - 4. Let c(f) = 7*f - 7. Let j(h) = -2*c(h) + 5*v(h). Calculate j(w).
-6
Let j = 23 + -29. Let s(t) = -t**2 - 8*t - 6. Determine s(j).
6
Let s be -1*0/(-3 - -2). Let x be 3/1 + s/(-17). Let u(l) = -1 + x*l - 3*l**2 + 4*l**2 + 0*l**2. Determine u(2).
9
Let a(d) = 3*d**2 + d - 1. Suppose -2*v + 4*y - 76 = -54, 4*v + 19 = 3*y. Give a(v).
1
Let k(r) be the first derivative of r**2/2 + 11*r + 102. Let n(v) be the third derivative of -v**4/12 + v**3/3 - v**2. Let l be n(4). Calculate k(l).
5
Let t(i) = 11*i - 1. Let q be t(1). Suppose q*b = 9*b. Let u(z) = -z**2 + z + 15. Calculate u(b).
15
Let v(x) = 4*x - 7. Let i(m) = -3*m + 7. Let a(f) = -3*i(f) - 4*v(f). Determine a(3).
-14
Let l(f) = -2 + 48*f + 2*f + f**2 - 52*f + f**3. Determine l(-2).
-2
Let a(m) = -4*m - 14. Suppose 3*d - 4 + 31 = 2*l, -d - 4 = l. Determine a(d).
14
Let k = 6 - 4. Suppose -2*o + 10 = -2*p + 7*p, 5*p = 10. Let i(z) = z - z - z + o. What is i(k)?
-2
Suppose 2*x + 38 = -5*l, 2*l = 2*x - 2 - 2. Let h = -11 - l. Let m(f) = 11*f + 15. Let a(j) = 6*j + 8. Let r(c) = 7*a(c) - 4*m(c). What is r(h)?
6
Let s(d) = 2*d + 4. Let o(k) = -6*k - 13. Let p(h) = 2*o(h) + 7*s(h). Let a(q) = 5*q - 12. Suppose 4*f - 6 = 2. Let n be a(f). Give p(n).
-2
Let k = -2 - -3. Let y(c) = -7*c**2 + 5*c + 6. Let x(o) = 13*o - 5. Let d(r) = -2*r + 1. Let l(n) = 6*d(n) + x(n). Let j(p) = 5*l(p) - y(p). Calculate j(k).
6
Let i(v) = -v**3 + v**2 - v - 7. Let a be 0 - (2 - (0 + 2)). Suppose -4*w = d - 8*w + 12, a = -2*d + w - 3. Determine i(d).
-7
Let j(b) = -15*b - 4. Let x(n) = 13*n + 6. Let o(p) = 2*j(p) + 3*x(p). What is o(-1)?
1
Suppose 0 = v + 4*v + 5. Let k(h) = -47*h**3 + 5*h**2 - 3*h + 8. Let b(c) = -16*c**3 + 2*c**2 - c + 3. Let p(x) = 8*b(x) - 3*k(x). Determine p(v).
-13
Let t(b) = -2*b**3 + b**2 - 2*b + 1. Suppose 0 = 5*g - 2*j - 25, -4*j = g + 4 + 13. Let u(z) = 1 + 5*z**2 + 2*z + g*z - 4*z**2. Let o be u(-5). What is t(o)?
-2
Suppose -3*g = -f - 16, 0 = -2*g - 2*f - 0*f. Let s(u) = 0*u**2 + 3*u**2 - u**2 - 3*u + g*u. Let j = -17 - -18. What is s(j)?
3
Let t(g) = 7*g**3 - 3*g**2 + g + 4. Let b(u) = 16 + u**3 - u**2 + 2*u**3 - 33 + 19. Let k(l) = -9*b(l) + 4*t(l). Calculate k(2).
2
Let l(u) = 0*u + 1 + 2*u - u. Suppose -4*a + 2*a + 28 = 0. Suppose -2*w - 8 = -a. Determine l(w).
4
Let l be ((-532)/(-35) - 17)*(-10)/3. Let n(m) = -m**2 + 3*m + 8. Calculate n(l).
-10
Let d(h) be the third derivative of -3*h**4/8 - h**3/2 - 144*h**2. Determine d(4).
-39
Let b(o) = 9*o + o**3 - 4 - 55770*o**2 + 5 + 55780*o**2. Give b(-9).
1
Let n(v) be the first derivative of -2*v**2 - 58*v - 199. Calculate n(-14).
-2
Suppose -9 + 0 = -3*g. Let u(j) be the second derivative of 1/20*j**5 + 2*j**2 + 0*j**3 + 1/6*j**4 + 0 + g*j. Give u(-3).
-5
Let k(l) = 5*l - 16. Let w be k(-1). Let n(c) = c**3 + 20*c**2 - 23*c - 40. Give n(w).
2
Let l(j) = 0*j - j - 2*j + 3 + 0. Give l(-3).
12
Let f(p) be the second derivative of -p**3/3 - 18*p**2 - 239*p + 1. Give f(-17).
-2
Suppose -5*l + 31 + 5 = -4*h, 12 = -2*l - 5*h. Let s(x) be the first derivative of 0*x + 1/2*x**2 + 0*x**3 - 7/4*x**4 - l. Calculate s(-1).
6
Suppose 4*n + 19 - 51 = 0. Let d(z) = 8*z - z - 5*z**3 + 4*z**3 + 3 + 7*z**2. What is d(n)?
-5
Let y(f) = f**3 + 59*f**2 + 112*f - 117. Let i be y(-57). Let g(s) = -3*s**2 + s + 1. What is g(i)?
-29
Suppose 2*d + 10 = 0, b - 9*d = -7*d + 21. Let l(y) = y**2 - 12*y - 2. Determine l(b).
-13
Let x(d) = -d + 2. Let c be (-3)/(-18) - 34/(-12). Suppose -5*o - c*n - 4 = 0, 4*o - 5*n - 5 = 14. Let j be o - (2 + 1 + -2). Give x(j).
2
Let v(n) = n + 1. Let t be ((-2 - -1) + 1)/(-1). Let f be v(t). Let m(q) = -62*q + 35*q + 28*q. Determine m(f).
1
Let k(r) be the first derivative of r**3/3 + 2*r**2 + 5*r - 189. Give k(-4).
5
Let x(o) = 12*o + 1. Let j(b) = -23*b - 1. Let d(u) = 4*j(u) + 7*x(u). Let v be (-3)/(-1) - -1 - 1. Determine d(v).
-21
Let v(y) be the second derivative of 0 + 2/3*y**3 - y**2 - 1/12*y**5 + 1/8*y**4 + 1/120*y**6 + 6*y. Let g(l) be the first derivative of v(l). Give g(3).
-5
Let t(y) = 3*y**3 - 2*y**3 + y + 2*y**3. Suppose 4*r = 9 + 7, 0 = -5*v - 5*r + 15. Give t(v).
-4
Let o be (-1)/(-4) + (-329)/(-28). Suppose o*k - 12 = 10*k. Let c(u) = -4 - 5 + k + u. Calculate c(2).
-1
Let p(r) = -2*r**3 - 13*r**2 - 15*r - 1. Let w(f) = -3*f**3 + 7*f**2 + 4*f**3 + 120*f - 112*f. Let q(d) = -3*p(d) - 5*w(d). Determine q(-3).
-3
Let r(b) be the first derivative of b**3/3 + 7*b**2/2 - 9*b - 1. Let l = 171 - 169. Suppose l*w + 103 = 89. What is r(w)?
-9
Let b(o) be the third derivative of -o**6/120 + o**5/12 + 5*o**4/24 + o**3 - 118*o**2. Calculate b(6).
0
Let n = 133 + -131. Let q(o) = 17*o**3 - 12*o**2 - 10*o - 10. Let x(j) = -5*j**3 + 4*j**2 + 3*j + 3. Let r(w) = n*q(w) + 7*x(w). Determine r(4).
5
Let z(j) = 309001*j + 0*